en 96031 is divided by 4124.
1179
Calculate the remainder when 59235953 is divided by 1186.
1183
Calculate the remainder when 2336835 is divided by 212439.
6
What is the remainder when 19152348 is divided by 377?
371
Calculate the remainder when 582911 is divided by 2959.
2947
Calculate the remainder when 1429705 is divided by 6745.
6510
What is the remainder when 27929989 is divided by 185?
169
Calculate the remainder when 31543169 is divided by 142.
141
Calculate the remainder when 4129761 is divided by 259.
6
Calculate the remainder when 7419421 is divided by 2405.
2401
What is the remainder when 83572 is divided by 233?
158
Calculate the remainder when 4130852 is divided by 295060.
12
Calculate the remainder when 4002399 is divided by 20.
19
What is the remainder when 292282535 is divided by 84?
83
What is the remainder when 91926 is divided by 2048?
1814
What is the remainder when 35375 is divided by 2383?
2013
What is the remainder when 1841676 is divided by 5648?
428
What is the remainder when 23594362 is divided by 23594356?
6
What is the remainder when 19974834 is divided by 110971?
54
What is the remainder when 9635235 is divided by 186?
63
What is the remainder when 321361 is divided by 159901?
1559
Calculate the remainder when 176789 is divided by 408.
125
Calculate the remainder when 46132982 is divided by 17.
14
What is the remainder when 2367124 is divided by 80?
4
Calculate the remainder when 11304 is divided by 3679.
267
Calculate the remainder when 118661 is divided by 2052.
1697
What is the remainder when 474356 is divided by 1535?
41
What is the remainder when 390086 is divided by 465?
416
Calculate the remainder when 451607 is divided by 64231.
1990
What is the remainder when 36944264 is divided by 2047?
8
What is the remainder when 207495 is divided by 266?
15
What is the remainder when 1388472 is divided by 277694?
2
What is the remainder when 2525332 is divided by 10885?
12
What is the remainder when 36991622 is divided by 893?
883
What is the remainder when 6078344 is divided by 16791?
2
Calculate the remainder when 292210411 is divided by 631.
621
What is the remainder when 149359019 is divided by 5749?
5748
Calculate the remainder when 5572110 is divided by 124.
46
What is the remainder when 535413 is divided by 12?
9
Calculate the remainder when 44068035 is divided by 3365.
3360
What is the remainder when 215723 is divided by 543?
152
What is the remainder when 977126487 is divided by 171?
168
Calculate the remainder when 1294980 is divided by 8450.
2130
What is the remainder when 2141492 is divided by 428255?
217
Calculate the remainder when 6265561 is divided by 6265541.
20
Calculate the remainder when 125341 is divided by 125291.
50
Calculate the remainder when 107599405 is divided by 26.
17
Calculate the remainder when 1188366 is divided by 516.
18
What is the remainder when 3679617 is divided by 3679595?
22
What is the remainder when 1929072 is divided by 236?
8
What is the remainder when 1597144 is divided by 15658?
28
Calculate the remainder when 13963 is divided by 13008.
955
Calculate the remainder when 104146 is divided by 1893.
31
What is the remainder when 12415 is divided by 1338?
373
What is the remainder when 2849830 is divided by 67853?
4
What is the remainder when 1663578 is divided by 20?
18
Calculate the remainder when 199380 is divided by 100.
80
What is the remainder when 193455 is divided by 1144?
119
Calculate the remainder when 111674969 is divided by 265.
259
Calculate the remainder when 2080770 is divided by 2878.
2854
What is the remainder when 21686158 is divided by 8?
6
Calculate the remainder when 22688220 is divided by 14647.
17
What is the remainder when 490346 is divided by 2219?
2166
Calculate the remainder when 59602576 is divided by 119.
117
Calculate the remainder when 64857957 is divided by 2222.
2221
Calculate the remainder when 29028386 is divided by 280.
226
What is the remainder when 983308 is divided by 38?
20
What is the remainder when 16642097 is divided by 16642097?
0
What is the remainder when 43198 is divided by 8509?
653
Calculate the remainder when 6061361 is divided by 363.
350
Calculate the remainder when 1054220 is divided by 117130.
50
Calculate the remainder when 89661 is divided by 2537.
866
What is the remainder when 5102080 is divided by 107?
106
Calculate the remainder when 496945 is divided by 161.
99
Calculate the remainder when 134562009 is divided by 44853994.
27
What is the remainder when 62044733 is divided by 16?
13
What is the remainder when 7576174 is divided by 61594?
112
What is the remainder when 47416 is divided by 16?
8
Calculate the remainder when 28292 is divided by 7070.
12
What is the remainder when 1124942 is divided by 21633?
26
What is the remainder when 7968998 is divided by 52?
50
What is the remainder when 2543 is divided by 845?
8
What is the remainder when 107057620 is divided by 2786?
2784
What is the remainder when 12109704 is divided by 235?
154
What is the remainder when 4066664 is divided by 176810?
34
What is the remainder when 251816 is divided by 82?
76
Calculate the remainder when 49088231 is divided by 851.
849
What is the remainder when 1183285 is divided by 98?
33
What is the remainder when 136466 is divided by 42?
8
What is the remainder when 109635 is divided by 36337?
624
What is the remainder when 6586174 is divided by 322?
308
What is the remainder when 57324597 is divided by 30?
27
What is the remainder when 57453430 is divided by 102?
94
Calculate the remainder when 94989293 is divided by 700.
693
What is the remainder when 5867746 is divided by 488976?
34
What is the remainder when 792063 is divided by 33002?
15
Calculate the remainder when 6006235 is divided by 28.
11
Calculate the remainder when 4091343 is divided by 603.
591
What is the remainder when 2576700 is divided by 26?
22
What is the remainder when 71679321 is divided by 71?
64
What is the remainder when 854765 is divided by 1237?
1235
What is the remainder when 240382 is divided by 120164?
54
What is the remainder when 17331665 is divided by 19?
17
Calculate the remainder when 54334 is divided by 1585.
444
Calculate the remainder when 20133250 is divided by 2777.
0
What is the remainder when 18455663 is divided by 512654?
119
Calculate the remainder when 9003176 is divided by 205.
191
Calculate the remainder when 1418079 is divided by 1418070.
9
What is the remainder when 20620718 is divided by 8?
6
Calculate the remainder when 447190 is divided by 149053.
31
Calculate the remainder when 39005441 is divided by 185.
41
What is the remainder when 33519 is divided by 4514?
1921
Calculate the remainder when 1427955181 is divided by 3496.
3493
What is the remainder when 11921112 is divided by 2764?
2744
What is the remainder when 2461533 is divided by 151?
82
Calculate the remainder when 1528132 is divided by 1903.
23
What is the remainder when 1951480 is divided by 13939?
20
What is the remainder when 1154545 is divided by 22?
7
What is the remainder when 457347 is divided by 152?
131
What is the remainder when 2439220 is divided by 6437?
6034
What is the remainder when 14478624 is divided by 47?
39
What is the remainder when 69742 is divided by 1382?
642
Calculate the remainder when 412828 is divided by 58968.
52
Calculate the remainder when 13756827 is divided by 23.
21
What is the remainder when 89174398 is divided by 210?
208
Calculate the remainder when 3028812 is divided by 1383.
42
Calculate the remainder when 4183835 is divided by 326.
277
What is the remainder when 27456 is divided by 20805?
6651
Calculate the remainder when 8420 is divided by 630.
230
Calculate the remainder when 146537 is divided by 984.
905
Calculate the remainder when 3005177 is divided by 2519.
10
Calculate the remainder when 4257434 is divided by 6.
2
What is the remainder when 210216 is divided by 455?
6
Calculate the remainder when 105966616 is divided by 3721.
3699
What is the remainder when 15595 is divided by 811?
186
What is the remainder when 196050 is divided by 418?
8
Calculate the remainder when 3653246 is divided by 509.
153
What is the remainder when 1755757 is divided by 407?
366
Calculate the remainder when 16202104 is divided by 618.
616
What is the rema